alculate s(6).
7
Let q(u) = u**2 + 36*u - 354. What is q(8)?
-2
Let y(v) = -v**2 - 5*v + 50. Calculate y(5).
0
Let i(d) = -d**2 + d + 2. Give i(-1).
0
Let h(a) = -4*a + 33. Calculate h(8).
1
Let g(r) = -r**3 + 6*r**2 - 3*r - 2. What is g(5)?
8
Let f(c) = 2*c**2 - 35*c + 52. What is f(16)?
4
Let i(b) = 43*b. Calculate i(-1).
-43
Let t(l) = -13*l + 1. Determine t(-1).
14
Let m(w) = -8*w - 52. What is m(-26)?
156
Let o(g) = -g**3 - 5*g**2 + 7*g. Determine o(-6).
-6
Let h(p) = -25*p**2 - p. Determine h(-1).
-24
Let t(b) = b + 21. What is t(14)?
35
Let l(i) = 10*i**2 + 2*i. Calculate l(2).
44
Let f(k) = 2*k + 3. Determine f(-7).
-11
Let q(u) = 7*u**2 + 56*u + 1. Determine q(-8).
1
Let o(v) = -5*v + 233. Give o(43).
18
Let i(u) = 8*u - 37. Calculate i(5).
3
Let k(s) = -39*s + 199. Calculate k(5).
4
Let z(x) = -x**3 + 53*x**2 + 55*x - 60. Give z(54).
-6
Let k(d) = -d**2 + 7*d - 13. Calculate k(5).
-3
Let d(w) = -w**3 - 6*w**2 - 9*w + 10. Determine d(-4).
14
Let a(g) = -7*g**2 + 4*g + 3. Give a(-1).
-8
Let y(k) = k**2 + 3*k + 6. Determine y(-4).
10
Let q(d) = 25*d**2 - 1. Give q(1).
24
Let m(f) = -2*f**3 - 25*f**2 + 13*f - 10. Calculate m(-13).
-10
Let t(b) = -b**3 - 10*b**2 - 6*b - 2. Determine t(-8).
-82
Let w(u) = 2*u**2 - 3*u + 8. Determine w(-5).
73
Let o(y) = y**2 + 15*y - 10. Give o(-17).
24
Let a(v) = 10*v + 26. Determine a(-8).
-54
Let q(w) = -6*w + 4. Give q(-3).
22
Let a(w) = -w**3 + 10*w**2 - 4*w - 3. What is a(10)?
-43
Let q(m) = 6*m - 4. What is q(3)?
14
Let c(o) = -o**3 - o**2 + 4*o - 1. Calculate c(3).
-25
Let p(v) = 11*v - 40. What is p(3)?
-7
Let g(m) = m**2 - 14*m - 42. Give g(13).
-55
Let p(l) = -2*l**2 + l + 10. Give p(3).
-5
Let h(l) = l**3 - 17*l**2 + 13*l - 1. Determine h(16).
-49
Let h(y) = -4*y**2 + 153*y + 115. Give h(39).
-2
Let x(w) = w + 8. Calculate x(-4).
4
Let q(c) = -2*c + 37. Determine q(17).
3
Let n(a) = -16*a**2 - 2*a - 3. What is n(-2)?
-63
Let t(x) = 5*x - 5. Give t(2).
5
Let y(b) = b**3 + 10*b**2 + 8*b - 12. Calculate y(-9).
-3
Let n(q) = -2*q**2 - 3*q + 3. Give n(-4).
-17
Let r(x) = -x**3 - 16*x**2 - 16*x - 32. Calculate r(-15).
-17
Let q(a) = 2*a**2 - a + 16. Give q(-5).
71
Let b(v) = v**2 - 2*v - 35. Determine b(-6).
13
Let p(o) = -3*o + 24. What is p(0)?
24
Let f(a) = 3*a - 36. Determine f(10).
-6
Let g(o) = 5*o + 27. What is g(10)?
77
Let q(d) = d**3 - 6*d**2 - d + 1. Give q(6).
-5
Let a(w) = -4*w**2 + 24*w - 10. Calculate a(6).
-10
Let b(u) = u**2 + 8*u - 1. Give b(-9).
8
Let g(v) = -v**3 + 13*v**2 - 12*v - 15. Calculate g(12).
-15
Let c(p) = 18*p + 9. What is c(-2)?
-27
Let j(q) = q**3 + 19*q**2 - 21*q - 15. Determine j(-20).
5
Let c(v) = -v**3 + 10*v**2 + 34*v + 71. Determine c(13).
6
Let u(g) = -3*g**2 + 17*g - 6. Determine u(5).
4
Let j(y) = -7*y**3 + 22*y**2 + 7*y - 1. Calculate j(3).
29
Let u(x) = x**2 + 45*x + 158. Calculate u(-41).
-6
Let f(u) = -10*u - 416. Determine f(-42).
4
Let b(z) = z**2 + 11*z - 11. Calculate b(-12).
1
Let n(u) = u + 9. Calculate n(-4).
5
Let p(z) = z**3 + 28*z**2 + 29*z + 8. Give p(-27).
-46
Let m(a) = -a**3 + 2*a**2 + a - 2. Determine m(3).
-8
Let c(z) = z**3 + 6*z**2 - 6*z - 9. Give c(-7).
-16
Let t(s) = 7*s**3 - s**2 - 4*s + 5. Determine t(1).
7
Let f(x) = x**3 - 11*x**2 - 8. Determine f(11).
-8
Let p(k) = k + 10. Give p(-18).
-8
Let o(l) = -l**2 - l + 18. Determine o(0).
18
Let a(j) = -24*j + 36. Determine a(2).
-12
Let t(y) = -26*y - 45. Calculate t(6).
-201
Let v(k) = -k**3 - k**2 + 2*k + 31. Give v(0).
31
Let g(m) = -m**3 - 4*m**2 + 3*m - 1. Give g(-4).
-13
Let d(g) = g**3 + 6*g**2 - 4*g + 21. Determine d(-7).
0
Let p(w) = -w**2 + 3*w - 2. Determine p(3).
-2
Let j(r) = -r**3 - 19*r**2 - 20*r + 14. Calculate j(-18).
50
Let p(d) = d**2 + 8*d - 5. Calculate p(-7).
-12
Let d(s) = 4*s**3 - s**2 - 3*s - 2. Determine d(-1).
-4
Let t(p) = -20*p + 44. Determine t(5).
-56
Let l(j) = -3*j - 17. Calculate l(-12).
19
Let t(v) = 35*v - 2. Determine t(1).
33
Let f(q) = -q + 41. What is f(25)?
16
Let w(z) = -3*z**2 - 35*z. Calculate w(-10).
50
Let x(k) = k**2 + 20*k + 70. Calculate x(-16).
6
Let l(k) = k**3 + 13*k**2 + 14*k + 11. Calculate l(-12).
-13
Let i(j) = 4*j**2 + 12*j - 11. Determine i(1).
5
Let c(x) = 4*x - 77. Calculate c(18).
-5
Let x(n) = -n - 1. Determine x(-3).
2
Let w(f) = f**3 - f**2 + 5*f - 5. Determine w(2).
9
Let j(q) = 3*q**2 + 2*q + 1. What is j(1)?
6
Let i(p) = -p**2 - 2*p + 46. What is i(0)?
46
Let o(y) = -7*y - 3. Calculate o(-1).
4
Let h(y) = -y**2 + 10*y + 1. Determine h(9).
10
Let z(r) = -10*r + 126. Determine z(13).
-4
Let b(f) = -10*f - 67. Determine b(-8).
13
Let h(r) = -r**3 - 10*r**2 - 8*r + 5. Determine h(-9).
-4
Let a(v) = 47*v + 51. Calculate a(-1).
4
Let z(p) = -p**3 - 9*p**2 - 5*p + 12. Give z(-8).
-12
Let p(q) = q**3 + 18*q**2 - 40*q - 5. Give p(-20).
-5
Let i(n) = n**3 + 7*n**2 - 2*n - 13. Give i(-7).
1
Let k(z) = -z - 3. Give k(-4).
1
Let l(k) = 3*k + 15. Calculate l(6).
33
Let a(h) = h**3 + 13*h**2 - 13*h + 8. Determine a(-14).
-6
Let c(g) = -g**2 + 10*g + 14. Give c(12).
-10
Let f(s) = s**3 - 11*s**2 + 16*s + 2. Calculate f(6).
-82
Let h(f) = f**3 + 15*f**2 - 16*f + 3. Determine h(-16).
3
Let y(z) = z**2 + 7*z + 9. What is y(-7)?
9
Let j(i) = 41*i - 1. Give j(-1).
-42
Let v(w) = -2*w + 26. Calculate v(12).
2
Let t(f) = -f**2 + 15*f + 76. Determine t(18).
22
Let p(w) = -33*w + 2. Calculate p(1).
-31
Let x(j) = j + 10. What is x(-7)?
3
Let g(o) = -o**3 - 11*o**2 - 2*o - 46. Calculate g(-11).
-24
Let s(o) = o - 10. Calculate s(8).
-2
Let x(z) = -3*z - 6. What is x(-2)?
0
Let v(b) = -21*b**2 - b + 1. What is v(-1)?
-19
Let x(c) = 2*c - 57. Determine x(4).
-49
Let s(t) = -t**2 + 13*t + 76. What is s(18)?
-14
Let y(c) = 35*c**2 + 2*c - 1. Give y(1).
36
Let s(k) = 2*k**2 + 3*k - 2. What is s(-1)?
-3
Let z(v) = 2*v**3 - v**2 - 3*v + 6. Give z(2).
12
Let w(k) = -2*k**3 + 18*k**2 - 5*k + 25. What is w(9)?
-20
Let c(a) = a**3 + 7*a**2 - 8*a. What is c(-8)?
0
Let h(c) = -2*c - 15. Give h(-10).
5
Let j(u) = -17*u - 539. What is j(-33)?
22
Let a(s) = -2*s**2 + 7. What is a(-3)?
-11
Let w(i) = 14*i + 209. Calculate w(-13).
27
Let s(c) = 2*c**2 + 22*c - 26. What is s(-12)?
-2
Let j(l) = 2*l**3 - 23*l**2 + 12*l - 15. Give j(11).
-4
Let s(n) = 6*n - 4. What is s(9)?
50
Let c(a) = -a**3 + 2*a**2 + 6*a - 6. Give c(4).
-14
Let r(s) = 6*s**3 - 2*s**2 + s - 1. Determine r(-2).
-59
Let y(b) = b**2 + 8*b + 12. What is y(-6)?
0
Let l(q) = -19*q**2 - 3*q + 4. Give l(2).
-78
Let n(v) = v**2 + 20*v + 67. Determine n(-16).
3
Let g(a) = -a**2 + 14*a + 11. Give g(15).
-4
Let v(a) = a**2 - 11*a - 25. Determine v(-2).
1
Let h(x) = 5*x + 3. Determine h(-5).
-22
Let m(q) = 9*q - 21. Calculate m(3).
6
Let x(f) = 23*f - 2. Determine x(0).
-2
Let d(i) = i**3 + 8*i**2 + 6*i - 24. What is d(-7)?
-17
Let s(w) = w**2 + 6*w. Determine s(-9).
27
Let f(j) = 7*j - 59. What is f(8)?
-3
Let h(c) = -c**3 + 2*c**2 + 8*c + 14. Give h(3).
29
Let p(y) = -y - 2. Determine p(-2).
0
Let f(a) = 14*a + 705. Calculate f(-50).
5
Let d(i) = -5*i - 47. What is d(-7)?
-12
Let h(i) = 19*i + 107. Give h(-6).
-7
Let f(q) = -7*q + 75. What is f(11)?
-2
Let m(z) = -z**2 + 4*z + 12. Determine m(-5).
-33
Let q(z) = 11*z + 53. Calculate q(-4).
9
Let g(o) = 2*o**2 - 31*o - 21. What is g(16)?
-5
Let w(h) = -19*h - 8. Determine w(0).
-8
Let k(u) = -2*u - 8. Give k(8).
-24
Let w(u) = 19*u - 3. What is w(-1)?
-22
Let x(u) = u**3 + 3*u**2 - 31*u - 81. Calculate x(-3).
12
Let j(a) = -a**3 + 7*a**2 - 8. Give j(7).
-8
Let m(q) = q**2 - 2*q - 2. Determine m(0).
-2
Let r(g) = -g**3 + 8*g**2 - 15*g + 10. What is r(6)?
-8
Let h(l) = -l**2 + 18*l - 54. Determine h(16).
-22
Let g(q) = q**3 - 4*q**2 + 2*q + 3. Give g(5).
38
Let a(w) = w**2 - 5*w - 22. Give a(-5).
28
Let g(h) = -h**2 - 3*h + 4. Give g(5).
-36
Let k(p) = -p**3 - 8*p**2 - 3*p + 6. Determine k(-8).
30
Let o(z) = 2*z**2 + 1. Give o(-1).
3
Let p(x) = x**2 - x + 7. Determine p(3).
13
Let r(o) = -o**2 + 13*o - 6. What is r(11)?
16
Let c(l) = -l**2 - 38*l - 29. What is c(0)?
-29
Let c(q) = 8*q - 7. Give c(7).
49
Let p(j) = j**3 - 27*j**2 + 5*j - 141. What is p(27)?
-6
Let s(x) = -2*x + 38. Determine s(18).
2
Let h(w) = w**3 - 7*w**2 - 3*w + 3. Give h(7).
-18
Let a(m) = m**3 + 5*m**2 - 1. Calculate a(-5).
-1
Let q(t) = -2*t - 43. Give q(-21).
-1
Let l(s) = s**2 + 13